{"id":240,"date":"2018-11-15T07:03:31","date_gmt":"2018-11-15T07:03:31","guid":{"rendered":"http:\/\/lms.loc\/udemy-affiliate\/?page_id=6"},"modified":"2026-01-17T20:17:44","modified_gmt":"2026-01-17T20:17:44","slug":"front-page","status":"publish","type":"page","link":"https:\/\/geekacademy.com.br\/cursos\/","title":{"rendered":"Front Page"},"content":{"rendered":"<div class=\"wpb-content-wrapper\"><p>[vc_row full_width=&#8221;stretch_row_content&#8221; css=&#8221;.vc_custom_1768667639689{margin-top: 50px !important;}&#8221;][vc_column width=&#8221;1\/12&#8243;][\/vc_column][vc_column width=&#8221;5\/6&#8243;][vc_custom_heading text=&#8221;Jornadas de Aprendizagem&#8221; use_theme_fonts=&#8221;yes&#8221; css=&#8221;.vc_custom_1768669480685{margin-top: 30px !important;margin-bottom: 0px !important;}&#8221;][stm_lms_courses_grid per_row=&#8221;4&#8243; img_container_height=&#8221;200px&#8221; title=&#8221;As jornadas de aprendizagem envolvem tecnologia e inova\u00e7\u00e3o.&#8221; taxonomy_default=&#8221;53&#8243;][vc_custom_heading text=&#8221;Game Makers&#8221; use_theme_fonts=&#8221;yes&#8221; css=&#8221;.vc_custom_1768669668542{margin-top: -70px !important;margin-bottom: 0px !important;}&#8221;][stm_lms_courses_grid per_row=&#8221;4&#8243; img_container_height=&#8221;200px&#8221; title=&#8221;A Liga Game Makers re\u00fane v\u00e1rios leveis para que voc\u00ea se torne um desenvolvedor gamer&#8221; taxonomy_default=&#8221;61&#8243;][vc_custom_heading text=&#8221;Rob\u00f3tica Makers&#8221; use_theme_fonts=&#8221;yes&#8221; css=&#8221;.vc_custom_1768669830076{margin-top: -70px !important;margin-bottom: 0px !important;}&#8221;][stm_lms_courses_grid per_row=&#8221;4&#8243; img_container_height=&#8221;200px&#8221; title=&#8221;A Rob\u00f3tica Makers League est\u00e1 dividida em v\u00e1rios leveis de aprendizado&#8221; taxonomy_default=&#8221;60&#8243;][vc_custom_heading text=&#8221;Clubs de Tecnologia&#8221; use_theme_fonts=&#8221;yes&#8221; css=&#8221;.vc_custom_1768670183235{margin-top: -70px !important;margin-bottom: 0px !important;}&#8221;][stm_lms_courses_grid per_row=&#8221;4&#8243; img_container_height=&#8221;200px&#8221; title=&#8221;Os Clubs te permitem explorar diversas \u00e1reas de conhecimento e suas tecnologias&#8221; taxonomy_default=&#8221;54&#8243;][vc_custom_heading text=&#8221;Cursos Experimentais&#8221; use_theme_fonts=&#8221;yes&#8221; css=&#8221;.vc_custom_1768670026076{margin-top: -70px !important;margin-bottom: 0px !important;}&#8221;][stm_lms_courses_grid per_row=&#8221;4&#8243; img_container_height=&#8221;200px&#8221; title=&#8221;Os Clubs te permitem explorar diversas \u00e1reas de conhecimento e suas tecnologias&#8221; taxonomy_default=&#8221;55&#8243;][\/vc_column][vc_column width=&#8221;1\/12&#8243;][\/vc_column][\/vc_row]<\/p>\n<\/div>","protected":false},"excerpt":{"rendered":"<p>[vc_row full_width=&#8221;stretch_row_content&#8221; css=&#8221;.vc_custom_1768667639689{margin-top: 50px !important;}&#8221;][vc_column width=&#8221;1\/12&#8243;][\/vc_column][vc_column width=&#8221;5\/6&#8243;][vc_custom_heading text=&#8221;Jornadas de Aprendizagem&#8221; use_theme_fonts=&#8221;yes&#8221; css=&#8221;.vc_custom_1768669480685{margin-top: 30px !important;margin-bottom: 0px !important;}&#8221;][stm_lms_courses_grid per_row=&#8221;4&#8243; img_container_height=&#8221;200px&#8221; title=&#8221;As jornadas de aprendizagem envolvem tecnologia e inova\u00e7\u00e3o.&#8221; taxonomy_default=&#8221;53&#8243;][vc_custom_heading text=&#8221;Game Makers&#8221; use_theme_fonts=&#8221;yes&#8221; css=&#8221;.vc_custom_1768669668542{margin-top: -70px !important;margin-bottom: 0px !important;}&#8221;][stm_lms_courses_grid per_row=&#8221;4&#8243; img_container_height=&#8221;200px&#8221; title=&#8221;A Liga Game Makers re\u00fane v\u00e1rios leveis para que voc\u00ea se torne um desenvolvedor gamer&#8221; taxonomy_default=&#8221;61&#8243;][vc_custom_heading text=&#8221;Rob\u00f3tica Makers&#8221; [&hellip;]<\/p>\n","protected":false},"author":1,"featured_media":0,"parent":0,"menu_order":0,"comment_status":"closed","ping_status":"closed","template":"","meta":{"pagelayer_contact_templates":[],"_pagelayer_content":"","pmpro_default_level":"","footnotes":""},"class_list":["post-240","page","type-page","status-publish","hentry","pmpro-has-access"],"_links":{"self":[{"href":"https:\/\/geekacademy.com.br\/cursos\/wp-json\/wp\/v2\/pages\/240","targetHints":{"allow":["GET"]}}],"collection":[{"href":"https:\/\/geekacademy.com.br\/cursos\/wp-json\/wp\/v2\/pages"}],"about":[{"href":"https:\/\/geekacademy.com.br\/cursos\/wp-json\/wp\/v2\/types\/page"}],"author":[{"embeddable":true,"href":"https:\/\/geekacademy.com.br\/cursos\/wp-json\/wp\/v2\/users\/1"}],"replies":[{"embeddable":true,"href":"https:\/\/geekacademy.com.br\/cursos\/wp-json\/wp\/v2\/comments?post=240"}],"version-history":[{"count":66,"href":"https:\/\/geekacademy.com.br\/cursos\/wp-json\/wp\/v2\/pages\/240\/revisions"}],"predecessor-version":[{"id":10704,"href":"https:\/\/geekacademy.com.br\/cursos\/wp-json\/wp\/v2\/pages\/240\/revisions\/10704"}],"wp:attachment":[{"href":"https:\/\/geekacademy.com.br\/cursos\/wp-json\/wp\/v2\/media?parent=240"}],"curies":[{"name":"wp","href":"https:\/\/api.w.org\/{rel}","templated":true}]}}